hen (-2)/3*1722/(-28) is divided by 315/49 - (-32)/56.
6
Suppose l - 4*l = 0. Suppose l = -10*i + 7*i - 6. Let x = 19 + i. Calculate the remainder when 31 is divided by x.
14
Let f(j) = 19*j**2 - 326*j + 59. Let l(y) = y**3 + 4*y**2 + 2*y - 1. What is the remainder when f(17) is divided by l(-3)?
0
Suppose -61*p + 1351 = -7738. Let d = 26 + -11. Calculate the remainder when p is divided by d.
14
Let i = -616 - -872. Calculate the remainder when i is divided by 36.
4
Suppose 4*s + 3*j - 1170 = 0, s - 2*j - 36 - 251 = 0. Suppose 3*a = 0, 3*b - 365 = -2*b - a. Calculate the remainder when s is divided by b.
72
Let y be 1/((-22)/(-60) - (-9)/(-45)). Let w(t) = -17*t + 140. Calculate the remainder when 124 is divided by w(y).
10
Let j(n) = -2*n**3 - 1718*n**2 + n**3 + 1716*n**2 - 3*n. Calculate the remainder when 130 is divided by j(-4).
42
Suppose -2 = 3*n - 4*n - 2*q, -22 = -5*n - 4*q. Suppose 5*o = 2*j - 60, n*j + 2*o - 120 = 2*j. Let z = j - 11. Calculate the remainder when 113 is divided by z.
18
Suppose -c = -38 - 2. Let g = c + 15. Calculate the remainder when g is divided by -2*(1620/(-228) + (-2)/(-19)).
13
Let a(p) = -2*p**2 + 30*p - 47. Let l(c) = c**2 + c + 3. Let v(r) = -a(r) - 3*l(r). Calculate the remainder when 833 is divided by v(-33).
35
Let q(a) = -a**3 - 43*a**2 - 22*a + 854. Calculate the remainder when 51 is divided by q(-42).
9
What is the remainder when 495 is divided by (1 + (18/(-12) - -1))*(-17 - -147)?
40
Let f(c) = -c**3 + 5*c**2 + 6*c - 5. Let b be f(5). Let l(v) = -3*v + 89. Calculate the remainder when 53 is divided by l(b).
11
Suppose 0 = -6*j + 3*j + 5*h + 6, -4*h = 3*j - 6. Suppose 0 = 2*b + i - j, 0 = -5*b + 3*i - 8*i. What is the remainder when (b + -4)*222/(-4) is divided by 28?
27
Let u(x) = 29*x - 559. What is the remainder when 27 is divided by u(20)?
6
Let d be (6/15 + 2)/(2/(-80)). Let q be d/(-36)*78/8. Let o(b) = b - 21. What is the remainder when 24 is divided by o(q)?
4
Let n(q) = -9 + 27 + 20*q**2 - 8*q**2 + 48*q - q**3. Calculate the remainder when n(15) is divided by 17.
12
Suppose -4*s + 2*o = -426, o - 46 = s - 152. Calculate the remainder when s is divided by 1*(1 + 59 - 3).
50
Let a be 19 - (1 + 3 + 0). Suppose -3*n = -a - 27. Suppose 2*o + 2*y = 44, 3*o - 4*y = -0*y + 94. Calculate the remainder when o is divided by n.
12
Suppose x = n + 301, -5*x + 1489 = 1686*n - 1689*n. Calculate the remainder when x is divided by 34.
21
Let r be ((-5)/4)/((-5)/40). Suppose u - 3*o = -4, 0 = -r*u + 5*u - 5*o + 60. Let w = -78 + 99. Calculate the remainder when w is divided by u.
5
Let x = 1187 - 597. Let p = -330 + x. What is the remainder when p is divided by 29?
28
What is the remainder when 5915 is divided by (490/56 - -8) + (-1)/(-4)?
16
Suppose -39*d + 14*d = -1825. Suppose 0 = 2*n - 8, -4*j = -6*n + 3*n - 152. Calculate the remainder when d is divided by j.
32
Let r = -4634 + 4834. Calculate the remainder when r is divided by 9.
2
Suppose 8 = 4*u - 2*u, -2*d = -3*u - 3650. Suppose 32*x + 327 - d = 0. Suppose -2*v + 10 = -v. Calculate the remainder when x is divided by v.
7
Let a(o) = 4*o - 25. Let p be a(10). Let y be -15*((-36)/p + 0). Let s = -32 + y. What is the remainder when 8 is divided by s?
0
Suppose 0 = 2*u - 39 - 91. What is the remainder when u is divided by 2*31*(-8)/(-28)*(-7)/(-4)?
3
Suppose 7*v - 28 = 3*v. Suppose -3*a - 5*p + 265 = 0, 14 + 171 = 2*a - 5*p. Suppose -7*s - a = -9*s. Calculate the remainder when s is divided by v.
3
Let x(l) = l**2 - 75*l - 43. Calculate the remainder when 493 is divided by x(78).
111
What is the remainder when 1266 is divided by (116/58)/(((-24)/(-759))/4)?
1
Let s = -420 - -466. Suppose 13*f + 64 = 17*f. Calculate the remainder when s is divided by f.
14
Let z(f) = f**2 + 27*f - 9. Let j be z(-22). Calculate the remainder when 46 is divided by (j/(-21) + -6)*-81.
19
Suppose 0 = -4*z - 25*w + 20*w + 77, -3*w - 101 = -4*z. Calculate the remainder when 83 is divided by z.
14
Let f(z) = 7*z - 25. Let h(w) = 5*w**2 + 2*w - 8. Let n be h(-4). Let y = 69 - n. What is the remainder when 27 is divided by f(y)?
7
Let d(q) = 4 + 9 + 4*q + 7*q**2 - 6. Let j be d(-2). Suppose -j = -7*g + 15. What is the remainder when 32 is divided by g?
2
What is the remainder when 517/(-141) + 362/3 is divided by 48?
21
Suppose 91 + 4 = 5*i. Let l(y) = y**2 - 50*y - 137. Let b be l(52). Let x(d) = 13*d + 458. Calculate the remainder when x(b) is divided by i.
10
Suppose -4*d + 66 = -2*i, -3*i = -2*i - 7. Calculate the remainder when 1232 is divided by d.
12
Let s = 22750 + -22088. Calculate the remainder when s is divided by 232.
198
Let m = -2398 + 2423. What is the remainder when 816 is divided by m?
16
Let a(r) = 4101*r + 401905. What is the remainder when (-2)/(-5) - (-413)/5 is divided by a(-98)?
6
Let v be 9*(48/9 + -5). Suppose -v*f - 33 = -6*f. What is the remainder when 32 is divided by f?
10
Let a = 1914 - 1859. What is the remainder when 932 is divided by a?
52
Let k(o) = -o**3 + 22*o**2 + 8*o + 66. Let x be k(21). Suppose 7*m - x = -20*m. What is the remainder when 198 is divided by m?
23
Suppose 4*v = -4*q + 47 + 37, -5*q = -5*v - 105. What is the remainder when 395 is divided by q?
17
Let t(g) = g**3 + 5*g**2 - 6*g - 4. Suppose 4*r + 2*v = -22, -2*r = -r + v + 6. Let c = 53 + r. Calculate the remainder when c is divided by t(-5).
22
Let z(o) = -2*o + o - 30 - 5*o. Let r = 2656 - 2665. What is the remainder when 94 is divided by z(r)?
22
Suppose o + 112 - 497 = -p, 3*p - 1921 = -5*o. Suppose c + 34 = 32, -o = -5*g + 4*c. Calculate the remainder when g is divided by 68.
7
Let h = 634 - 515. Suppose -35*p - h + 854 = 0. Calculate the remainder when 62 is divided by p.
20
Let o = -493 + 546. Let v = -4 + 9. Suppose 0*h = 5*h - c - 136, -v*h = 2*c - 148. Calculate the remainder when o is divided by h.
25
Let i = 95 + 263. Let f = 364 - i. Calculate the remainder when 159 is divided by f.
3
Suppose 3*f - 59 = d - 0, 56 = 2*f - 4*d. Suppose q - 2*z + 26 = 3*z, -3*z = -2*q - 24. Calculate the remainder when 10/(-4)*((-324)/30 + q) is divided by f.
6
Let u(n) = 3*n**2 + 90*n - 9. Let d(q) = -q**2 + q + 2. Let w(s) = 6*d(s) + u(s). What is the remainder when w(31) is divided by 48?
0
Let a(f) = 3*f - 52. Let l be a(22). Suppose -3*c - l = -26. What is the remainder when 35 is divided by c?
3
Let v = -184 - -190. Let z(d) = d**2 - 3*d - 5. Calculate the remainder when 166 is divided by z(v).
10
Suppose -13032 - 6961 = -153*q - 3622. What is the remainder when 300 is divided by q?
86
Let i = 12 + -1. Suppose -v - 6*q + i*q = -6, -5*q = 5*v - 120. What is the remainder when (v/(-12) - 2)/(3/(-12)) is divided by 4?
3
Let b(h) = -2*h + 8. Let j be b(2). Suppose -5*k = 3*w - 108, -j*k + 5*w + 44 = -35. What is the remainder when k is divided by -4 - ((2 - -1) + -4) - -6?
0
Let i(u) = -9*u - 101. Let m be i(-13). What is the remainder when (-4)/(-32) - (-2862)/m - -1 is divided by 26?
24
Let v(u) = -8*u + 8. Let p be v(0). Let b(s) = -p + s**2 + 11 + 25 - 7*s. What is the remainder when b(9) is divided by 16?
14
Let s = -25 + 29. Suppose -9*h + 30 = -s*h. Suppose 0 = 4*w - 16 - 24. Calculate the remainder when w is divided by h.
4
What is the remainder when 187 is divided by 10/((-53)/((-15317)/34))?
17
Let n = -17231 + 17470. Calculate the remainder when 1680 is divided by n.
7
Let c(r) = 2*r**3 + 79*r**2 - 42*r + 59. What is the remainder when c(-40) is divided by 27?
4
Suppose 27*q - 8064 = 36*q - 21*q. What is the remainder when q is divided by 75?
72
Let k = -2231 + 3909. What is the remainder when k is divided by 48?
46
Suppose 0 = 3*t + 9, -20*t + 2378 = o - 25*t. Calculate the remainder when o is divided by 784.
11
Suppose -8*x = -15*x + 406. Let n = x + -56. Suppose 2*k - 4*j - 45 = -9, n*k = -5*j + 9. What is the remainder when 33 is divided by k?
9
Suppose -5*y - 279 + 424 = 0. Suppose 124*u + 222 = 130*u. Calculate the remainder when u is divided by y.
8
Let f(a) be the second derivative of -a**5/20 - a**4/12 + 2*a**3 - 7*a**2 - 2*a + 30. Calculate the remainder when f(-7) is divided by 66.
64
Let z = -12854 - -13858. What is the remainder when z is divided by 193?
39
Let s = 20930 - 20454. Calculate the remainder when s is divided by 4.
0
Let y(l) = 2*l**2 - l - 4. S